he remainder when y is divided by a(-5).
28
Let r(y) = 41*y**2 + 5*y + 4. Let j(b) = 2*b**2 + 18*b + 16. Let i be j(-8). Suppose 24*t - 26*t + 30 = i. What is the remainder when r(-1) is divided by t?
10
Let r = -120 - 102. Let f = r + 124. Let d = -44 - f. What is the remainder when d is divided by 11?
10
Suppose 0 = -3*i + 21*c - 17*c + 2019, 2*i - c = 1346. Calculate the remainder when 1348 is divided by i.
2
Suppose 0 = -4*y + b + 33 + 248, 0 = -3*y - 2*b + 219. Suppose -4*f + 90 + 16 = -3*a, 4*a = 4*f - 108. What is the remainder when y is divided by f?
21
Suppose d - 268*f - 27 = -269*f, 0 = 2*d - 2*f - 62. What is the remainder when 47 is divided by d?
18
Let a = 3 + 6. What is the remainder when a is divided by ((-1 + 0)*-1)/(21/84)?
1
Calculate the remainder when 809 is divided by 12 + (7 - -1*(0 + -2)).
10
Suppose 4*k = -i - 11, 5*i = -8*k + 9*k - 34. Let f(z) = -42*z - 207. What is the remainder when f(i) is divided by 30?
27
Let x(z) = -53 - 86*z + 27*z + 27*z + 26*z + z**2. Calculate the remainder when x(16) is divided by 12.
11
What is the remainder when (-1 - -4 - (0 - 1650)) + (3 - 1) is divided by 64?
55
Let t(v) = -58*v**3 + v**2 + 4*v + 2. Let c(f) = 2*f**2 - 3*f - 3. Let s be c(2). What is the remainder when t(s) is divided by 10?
7
Let f = 122 + -122. Let n(w) = -w**2 - 5*w + 477. What is the remainder when n(f) is divided by 60?
57
Let p(l) = l**3 - 18*l**2 + 11*l - 65. Calculate the remainder when 134 is divided by p(18).
1
Let c(r) = -r**2 + 10*r + 14. Let d be c(8). Suppose 0 = -12*v + 7*v + d. Calculate the remainder when 6 is divided by v/36 - 34/(-12).
0
Let t = 10 + 37. Let x be ((-63)/12 - -2) + (-65)/(-52). Let c(d) = -3*d**3 - 4*d**2 - 4*d + 1. Calculate the remainder when t is divided by c(x).
13
Let g(t) = 2*t**2 - 40*t + 36. Let u be g(15). Let f = -90 - u. What is the remainder when 32 is divided by f?
8
Suppose -7*o = -8 - 6. Let j(i) = i**3 + 24*i**2 + 41*i - 41. Calculate the remainder when j(-22) is divided by o.
1
Let b be (-1)/6 - (-6)/36. Suppose 108*l - 107*l - 110 = b. Calculate the remainder when l is divided by 6.
2
Suppose 2*f - 13*a = -11*a + 8, -f + 8 = -3*a. Suppose 2*s + 361 = 5*v, f*v + 11*s - 154 = 15*s. What is the remainder when 138 is divided by v?
67
Let d(h) be the first derivative of -h**4/4 - h**3/3 - h**2 + 6*h - 91. Calculate the remainder when d(-3) is divided by 6.
0
Suppose 5*m - 4*p = 3, 3*p = -2*m + 8 + 7. Let o be (6/(-4))/(2/12). Calculate the remainder when (-2)/(-3) - 93/o is divided by m.
2
What is the remainder when (-12738)/(-102) + (-4)/(-34) is divided by (-69)/(-9) + 3/9?
5
Let p = 27 + 19. Suppose -5*u = r - 106, 3*u - p = -r + 58. Suppose 30 = k + 3*b + b, 0 = -4*k + 3*b + 139. What is the remainder when r is divided by k?
33
Let b(k) = k**2 + 8*k + 1. Let r be b(4). Let q = r - -10. What is the remainder when q is divided by 15?
14
Suppose 129 - 537 = 8*i. Let a = 58 + i. Suppose 2*d + 3*u - 22 = -a, d - 24 = 4*u. Calculate the remainder when 106 is divided by d.
10
Suppose -6*n + 2 = -5*n, 5*n = -3*z + 49. Let i(v) = -v**3 + 15*v**2 - 24*v - 1. Calculate the remainder when i(z) is divided by 8.
1
What is the remainder when -8 - ((-981)/(-6))/(-8*(-42)/(-2464)) is divided by 57?
51
Let l(g) be the first derivative of 9*g**2/2 + 30*g + 86. What is the remainder when l(3) is divided by 18?
3
Let q = -6 + 15. Let r = -969 - -1054. Suppose 0 = q*y - r - 248. What is the remainder when y is divided by 13?
11
Let p(h) = 0*h + h - 62*h**3 + 3 + 2*h + 29*h**3 + 34*h**3 - 4*h**2. Calculate the remainder when 13 is divided by p(3).
1
Let c be (-1)/(2/(-8)) - 2. Suppose -3*m - 3*b = 2*m - 33, -4*b = 3*m - 22. Calculate the remainder when c*2*(440/16)/11 is divided by m.
4
Let c = -56 - -61. Suppose 5 = -c*p + 30. Calculate the remainder when 24 is divided by p.
4
Suppose 16*v = v + 45. Let c be 5/2*(v + 31). Suppose -d = -c + 18. Calculate the remainder when d is divided by 23.
21
Suppose -3*b = 3*a - 186, -4*a - 5*b + 380 = 132. Suppose -2*x - 101 = 15. Let u = a + x. Calculate the remainder when 33 is divided by u.
1
Suppose -8*m - 6792 + 16973 = -12763. What is the remainder when m is divided by 41?
39
Suppose -182*z = -183*z + 6. Let f = -104 + 173. Let j = -36 + f. Calculate the remainder when j is divided by z.
3
Let g = -60 + 117. Let b(h) = -2*h**3 - 68*h**2 + 177*h + 1202. What is the remainder when g is divided by b(-36)?
1
Suppose 3*o + 3*p - 38 + 11 = 0, 2*o - 15 = -3*p. Suppose 2298 = 133*a + 624 - 2715. Calculate the remainder when a is divided by o.
9
Let m be (-1710)/39 - (33/(-39) + 1). Let u = 33 + m. Let n(j) = 2*j + 37. Calculate the remainder when 44 is divided by n(u).
14
Let n(t) be the third derivative of 0*t + 0 + 1/30*t**5 + t**3 + 1/8*t**4 + 7*t**2. What is the remainder when n(-5) is divided by 9?
5
Let o = 42109 - 40076. Calculate the remainder when o is divided by 226.
225
Suppose -201*m - 235*m - 2039952 = -460*m. What is the remainder when m is divided by 17?
15
Let c(o) = -12*o**3 - 2*o**2 - 9*o - 21. Let a be c(-2). Suppose -a*k + 86*k = 5*z - 172, 5*z + 4*k - 162 = 0. Calculate the remainder when 508 is divided by z.
32
Let z be ((-1840)/(-12))/(18/(-135)). Let c = 1161 + z. Let b(h) = -h**2 + 6*h + 3. What is the remainder when c is divided by b(5)?
3
Suppose -c + r = -r + 329, 0 = -3*r. Let h = 362 + c. Calculate the remainder when h is divided by 7.
5
Let l = -40 - -59. Suppose -5*c + 14 = l. Calculate the remainder when 9/(-3) + 79 + c is divided by 19.
18
Let l = -12 + 14. Suppose -3*n + 165 = w, 2*w + l*w = -2*n + 650. What is the remainder when 52 is divided by ((-2)/6)/((-3)/w)?
16
Let b = -648 + 682. Suppose -2*o + 3*z = o - 189, 2*z = 4*o - 252. Calculate the remainder when o is divided by b.
29
Suppose -103*x + 5261 = -2773. Suppose 0 = -9*d + 7*d + 44. What is the remainder when x is divided by d?
12
Suppose -14560 = 56*x - 160*x. Calculate the remainder when x is divided by 2.
0
Suppose 2*l = 3*t + 150, -3289*l = -3284*l + 2*t - 432. What is the remainder when 3701 is divided by l?
5
What is the remainder when 5717 is divided by (-6)/8 - (4 + 882/(-56))?
8
Suppose 0 = -x - 3*v + 13, -x + 4*v = -5*x + 52. Suppose -15*q + 281 = 926. What is the remainder when (3 - 3) + (q/(-1))/1 is divided by x?
4
Let g = 26 + -80. Let o = g + 54. What is the remainder when o + -1 + 44/1 is divided by 9?
7
Suppose -4*x = -55 - 9. Suppose 3*m = -i + 291, -3*i + 8*i + 5*m - 1485 = 0. Let s = i - 242. Calculate the remainder when s is divided by x.
10
Suppose 0 = -3*d + 5*o + 65, -d - 2*o + 23 = -5*o. Calculate the remainder when ((-15)/4)/((-129)/1892) is divided by d.
15
Suppose 0 = -867*l + 837*l + 510. What is the remainder when 566 is divided by l?
5
Let n = -742 + 413. Let s = -296 - n. What is the remainder when 161 is divided by s?
29
Suppose -5*o = 3*g - 2144, 0 = 104*g - 102*g - o - 1451. Calculate the remainder when g is divided by 14.
9
Let c(o) = -1378*o + 10810. Calculate the remainder when c(7) is divided by 44.
20
Let a(w) = 3*w**2 - 11*w + 48. Let c be a(5). Suppose r + 4*l - 2*l - 25 = 0, 2*r - c = 2*l. Suppose -s + 2 = -r. What is the remainder when 61 is divided by s?
28
Suppose 4*i = 3*h + 515, 10*i = 6*i - 4*h + 536. Calculate the remainder when i is divided by 46.
39
Let i be (-1)/(-1) - (0 - 127). Let w = 170 - i. Suppose -4*d - 73 = -5*r - 6, 4 = -r - 5*d. Calculate the remainder when w is divided by r.
9
Suppose 8*j - 1118 - 2049 = -183. Calculate the remainder when 755 is divided by j.
9
Let s be (-1)/(-7) + ((-3078)/(-14) - -1). Suppose s = -0*k + k. What is the remainder when k is divided by 57?
50
Let n = 41 - 20. Let t = -6553 - -6591. Calculate the remainder when t is divided by n.
17
Let v = -18 + 4. Let j be v/(1 - ((-6)/2 + 6)). Suppose -20 = -9*l + j*l. Calculate the remainder when 37 is divided by l.
7
Suppose 15 = 2*a + 23, 179 = 5*j + 4*a. Let y be ((-1 - -1)/(-2))/(-2). Suppose y = -4*n + 21 + j. What is the remainder when 29 is divided by n?
14
Suppose 5*i - 2*n = 6*i - 627, 0 = 4*i - 5*n - 2495. Let b = i - 293. Calculate the remainder when b is divided by 14.
10
Let x = 212 - 188. Suppose -3*j - 15 = 0, 5*v + 85 = 7*v + j. What is the remainder when v is divided by x?
21
Let u(x) = 34*x - 38. Let p be